et x(o) = 7*h(o) + 3*q(o). Calculate x(7).
13
Let q(u) = -494*u + 1980. Let m be q(4). Let a(o) = -o**2 + 7*o - 9. What is a(m)?
3
Let y(h) be the first derivative of h**2 - 17*h + 1497. What is y(10)?
3
Let v(o) = o**2 + 7*o + 10. Let w be 2 + 5/(-30)*0. Suppose w*z = 5 - 19. Determine v(z).
10
Let b(i) be the first derivative of -3*i**3 - i + 5. Let y(o) = -7*o**2 - 8. Let j be y(8). Let u = j - -455. Calculate b(u).
-10
Let b be (-2 + 1)/((-3)/(-9)). Let j(a) = 9 - 916*a + 2758*a - 916*a - 7 - 923*a. What is j(b)?
-7
Let h = 4800 - 4805. Let l(a) = a**3 + 4*a**2 - 12*a - 8. What is l(h)?
27
Let f(n) = 26*n - 158. Suppose -7*r - 3*r + r = -54. Give f(r).
-2
Let q(n) = 3*n + 24. Let s be q(-7). Let f(a) = -19*a + 8*a + s*a - 3. Calculate f(-4).
29
Let k = -245 + 225. Let g be -12 + (k*2)/(-5). Let p(z) = -z**3 - z**2 + 5*z + 3. What is p(g)?
31
Let n = -533 - -529. Let q(o) = 2*o**2 - 3*o - 41. Determine q(n).
3
Let m(x) = 5*x**2 - 5. Let t(i) = 11*i**2 - 11. Let l(w) = -9*m(w) + 4*t(w). Let s = -5396 + 5394. Determine l(s).
-3
Let h = 34 + -30. Suppose 2*q - h*q = -4. Let s be (1 - 2)*(-1 + q). Let k(a) = -9*a**3 + 2*a + 1. Determine k(s).
8
Let v(a) = -2*a**3 + 5*a**2 - a + 2. Let s(g) = 5*g**3 - 16*g**2 + 4*g - 13. Let x(c) = -s(c) - 2*v(c). Give x(7).
-54
Let h(o) = -5*o + 10 + 36323*o**2 + 21*o + 0 + 6 - 36348*o**2. Calculate h(-1).
-25
Let t(s) = -7*s**3 - 8*s**2 - 1. Let p(y) = -2*y**3 - y**2 - y. Let j(v) = 2*p(v) - t(v). Calculate j(-3).
-20
Suppose -41*y = 124*y - 763 + 268. Let z(q) be the third derivative of 6*q**2 + 1/6*q**y + 1/60*q**5 + 1/24*q**4 + 0 + 0*q. Give z(0).
1
Let q(l) = -l**2 + 2*l + 12. Let j = 1256 + -1251. Determine q(j).
-3
Let j = 29 - 37. Let q(c) = c**3 - 7*c**2 - 3*c + 8. Let o(i) = i**3 - 12*i**2 - 4*i + 9. Let u(t) = -3*o(t) + 4*q(t). Give u(j).
5
Let r be (-3 - -6)/(-2 + 3). Let s(w) = 7 + 2*w**2 + 2052*w**r - 11*w**2 + 7*w - 2051*w**3. Give s(8).
-1
Let t(m) be the third derivative of -m**4/6 + 5*m**3/6 - m**2. Suppose 119 = 31*s - 77 - 21. Give t(s).
-23
Let z(q) = -7*q**2 - 2*q - 8. Let r(i) = 0*i + 624*i**2 + 10 + 4*i - 615*i**2. Let p(d) = 4*r(d) + 5*z(d). Calculate p(-5).
-5
Suppose 3*y = -22*v + 18*v + 72, 4*v + 24 = 3*y. Let s(p) = -p**3 + 14*p**2 + 31*p - 22. Calculate s(y).
-38
Let l(i) = 7*i - 5*i + 14 - 4*i. Suppose -3*x = 5*q - 25, 5*q - 5 = -18*x + 17*x. What is l(x)?
-6
Let x(m) = -4*m**2 - m + 2. Let u be (2*-2)/(16/(-520)). Let k = u - 134. Let l be 3 + 4*(k + 22/8). What is x(l)?
-12
Let r(a) = -a**2 - 9*a + 5. Suppose 0 = -4*t - m + 79, -t = 2*t - 2*m - 62. Suppose -4*p = 16 + t. What is r(p)?
5
Let y(j) = -j**2 + 15*j + 99. Suppose 36*o + 52*o = 31*o - 285. Calculate y(o).
-1
Let v(y) = y**3 - y**2 + 3*y - 3. Let j be -1 + 1 - -2 - 42. Suppose -2*f - 42 = l, 4*f + 6 = f. Let c = l - j. What is v(c)?
7
Let u(v) = v**2 - 25*v - 226. Suppose -305*o - 137 = 4*o - 10025. Determine u(o).
-2
Let t(u) = u**3 - 11*u**2 + 25*u - 15. Let x be t(9). Let w(p) = -31 + x - 19 + p**2 + 3*p. Determine w(2).
8
Let x(g) be the second derivative of g**4/12 + g**3/2 + 3*g**2/2 - 5*g - 11. Let a(i) = -i**2 + 5*i + 14. Let r be a(7). Calculate x(r).
3
Let m(z) = 162*z - 85 + 98*z - 273*z. What is m(-6)?
-7
Let j(m) be the third derivative of m**5/60 - 2*m**3/3 - 1632*m**2. Calculate j(2).
0
Let a(y) be the first derivative of 2*y - 22 + 0*y**2 + 1/3*y**3. Give a(4).
18
Let h(q) = 2 + 5 + 2*q + 3*q. Let t(g) be the third derivative of -g**4/24 + g**3/6 - 1068*g**2. Let p(v) = -h(v) - 6*t(v). Determine p(7).
-6
Let d be 6 - (1 + ((-2)/10)/((-3)/(-15))). Let z(n) be the first derivative of -n**3/3 + 2*n**2 + 4*n + 9. Give z(d).
-8
Let a(j) = j**3 - 5*j**2 - 7*j + 9. Suppose -2*p + z = 7 - 41, -24 = -p + 4*z. Let m = p - 2. Suppose -3*l - m = 4*w - 44, -6 = -3*l. Give a(w).
3
Let f(q) = 0 + 32*q - 8*q - 5 - 3*q**2 - 14*q - 7*q. Give f(3).
-23
Let f(w) = w**2 - 56*w + 623. Let p be f(41). Let g(a) be the first derivative of -a**3/3 + 9*a**2/2 - 3*a - 12. What is g(p)?
5
Let s(j) = j**3 + 9*j**2 + 10. Suppose 273 = -3*k + 306. Suppose 5*w - k = -56. Give s(w).
10
Let v(o) = -3*o**2 - 2*o - 1. Suppose -53 = -5*h + 5*f - 113, 4*h + 24 = f. What is v(h)?
-41
Suppose -15*k - 46323 = -46233. Let q(j) = -34*j**2 - 207*j - 21. What is q(k)?
-3
Let b = -4 + 11. Let y(u) = -21*u - 651. Let k be y(-31). Suppose k = -6*s + 5 + b. Let x(l) = -l**2 + 2*l. Determine x(s).
0
Let t(f) = -f**3 - 11*f**2 + 14*f - 11. Let b be 20 + -14 + 5 + -23. What is t(b)?
-35
Let y(n) = -n**3 + 1. Let a(s) = -5*s**3 - 2*s**2 + 2. Let h(q) = a(q) - 4*y(q). Let l(d) = -94*d + 2347. Let c be l(25). Calculate h(c).
7
Let l(m) be the second derivative of -m**6/360 + m**5/24 + m**4/12 - 46*m**3/3 - 4*m + 9. Let g(v) be the second derivative of l(v). Determine g(6).
-4
Suppose 0 = -15*y + 41 + 19. Let t(w) = 7*w - 18. Let p(k) = 9*k - 20. Let s(f) = y*p(f) - 5*t(f). What is s(-9)?
1
Suppose 0 = -4*t - 4*u + 4, 8*t - 3*u = 3*t - 19. Let l(y) = y + 60. Let z(f) = -5*f + 181. Let m(a) = 6*l(a) - 2*z(a). Determine m(t).
-34
Let d(v) = -16*v. Let i(j) = 0*j - 12*j + 1 + 6*j + 3*j. Let s(w) = -2*d(w) + 11*i(w). Determine s(6).
5
Suppose -16 = -2*h + 4. Let n = -17 + h. Let b(t) = -2*t**3 + 33*t**2 + 54*t + 5. Let x(m) = m**3 - 14*m**2 - 25*m - 3. Let y(z) = 4*b(z) + 9*x(z). Give y(n).
7
Let r be 0/(0 - 0 - -1). Let n(c) = c + 2. Let d(o) be the third derivative of -o**4/8 - 11*o**3/6 - 16*o**2. Let v(q) = d(q) + 4*n(q). What is v(r)?
-3
Let a(k) be the first derivative of -1/2*k**2 + 8*k - 1/6*k**4 + 34 + 0*k**3. Let b(j) be the first derivative of a(j). Give b(-1).
-3
Let w(p) = -3*p + 59 + 18 + 34 - 2*p - 32. Determine w(15).
4
Suppose 101*d - 10 = 100*d + 4*r, -338 = 53*d + 5*r. Let h(g) = 11*g**3 + 67*g**2 + 4*g - 11. Determine h(d).
1
Let b(o) be the second derivative of -o**4/4 - 89*o**3/6 - 16*o**2 - 2*o - 18. Determine b(-29).
26
Let l(g) = g**3 - 6*g**2 + 3*g + 14. Let f be -6 - -18 - (105/14 + (-6)/4). Determine l(f).
32
Let w(j) be the second derivative of j**6/360 + 7*j**5/120 - 13*j**4/24 + 14*j**3 - 29*j - 6. Let y(i) be the second derivative of w(i). What is y(-9)?
5
Let y(u) = u**2 + 14*u + 17. Let c be (17/(510/108))/((-8)/(-20)). Suppose c*q + 22 = -86. What is y(q)?
-7
Let w be ((-896)/192)/(2 - (-16)/(-6)). Suppose 5*r = -u - 22, -u + 4*r = -36 + 13. Suppose -u*z - 20 = -w*z. Let v(f) = f**3 - 4*f**2 - 6*f - 3. What is v(z)?
-8
Let n(j) be the first derivative of 7*j**3/3 - 2*j**2 + 4*j + 2463. Give n(2).
24
Let j(l) be the first derivative of l**3/3 - 8*l**2 + 21*l + 8229. Give j(8).
-43
Let x(o) = o**3 - 8*o**2 + 8*o - 10. Let a = 17 + -13. Suppose -4*l + a = y - 0*y, 2*y - 8 = -3*l. Suppose -g + 16 = -y*t - 3, 0 = g - t - 10. What is x(g)?
-3
Let r be 4/8*-6 + 6. Suppose 2*g + r*y - 4 = 5*y, 3*g = -2*y - 9. Let b(s) = 2*s**2 - 5*s**2 - 2*s - s**2 - 1 + 4*s**2 - 3*s**2. Give b(g).
-2
Let j = -3215 + 3200. Let f(b) = -2*b - 32. Determine f(j).
-2
Let q(i) be the second derivative of -5*i**4/12 - i**3/6 - 3*i**2 - 2945*i. Calculate q(4).
-90
Suppose -h - r + 0*r - 2 = 0, 3*h + 20 = 4*r. Let p = h + 8. Let z(c) = p*c**3 - 56 - 10*c**3 + 57. Determine z(1).
-5
Let o = -293 + 294. Suppose -4*t = 4*q - 36, -4*q = 4*t - 7*q - o. Let i(f) = 4*f - 14. Calculate i(t).
2
Let c(r) = r**3 - r**2 - 4*r - 2. Suppose 3*t - 5*d = -31, 0 = -t + 4*d + d - 27. Give c(t).
-6
Let n be (-2)/9 + 47/9. Let b(q) = -96*q**3 - 12. Let o(d) = -77*d**3 + d**2 - 11. Let g(a) = -4*b(a) + 5*o(a). What is g(n)?
-7
Let j(r) = -2*r. Let h be (3/(-6))/((-4)/(-1016) - 0). Let t = -118 - h. Let v be t/15 - 3/(30/16). What is j(v)?
2
Let t(r) be the third derivative of r**6/120 + 2*r**5/15 + 7*r**4/24 + 4*r**3/3 + 30*r**2. Let n be (-122)/18 - 8/36. Give t(n).
8
Let c(r) be the second derivative of -r**3/3 + 15*r**2/2 + 1994*r. Calculate c(8).
-1
Let y(f) = 7*f - 2. Let i(k) = -5*k. Let x = 423 + -425. Let r(c) = x*y(c) - 3*i(c). Give r(-13).
-9
Let a(n) = -n + 64. Let f be a(-10). Let k = f - 68. Let m(x) = x**3 - 7*x**2 + 7*x + 8. Calculate m(k).
14
Let a be 542/100 + -5 - 30/(-375). Let l(c) be the third derivative of a*c**3 + 1/60*c**5 + 0*c - 5/24*c**4 + 9*c**2 + 0. Determine l(2).
-3
Let h(x) = -9*x**3 + 15*x**2 - 17*x + 13. Let w(j) = -19*j**3 + 31*j**2 - 34*j + 2